{"id":94,"date":"2017-03-21T06:44:59","date_gmt":"2017-03-21T06:44:59","guid":{"rendered":"http:\/\/bahanakliye.com\/?page_id=94"},"modified":"2021-04-14T07:22:34","modified_gmt":"2021-04-14T07:22:34","slug":"hakkimizda","status":"publish","type":"page","link":"https:\/\/bahanakliye.com\/?page_id=94","title":{"rendered":"HAKKIMIZDA"},"content":{"rendered":"<p>2000 YILINDAN BER\u0130 FAAL\u0130YETTE BULUNAN F\u0130RMAMIZ C\u0130DD\u0130, PRENS\u0130PLER\u0130NE BA\u011eLI D\u00dcR\u00dcSTL\u00dcK,G\u00dcVEN\u0130L\u0130RL\u0130K VE HIZLILIK&#8217;TAN \u00d6D\u00dcN VERMEDEN FAAL\u0130YET HAYATINA G\u00dcN\u00dcM\u00dcZE KADAR DEVAM EDEREK GELM\u0130\u015eT\u0130R.<\/p>\n<p>HER T\u00dcRL\u00dc NAKL\u0130YE \u0130\u015eLER\u0130N\u0130Z ZAMANINDA VE SA\u011eLAM TESL\u0130M GARANT\u0130S\u0130YLE YAPILMAKTADIR.<\/p>\n<p>H\u0130ZMETLER\u0130M\u0130Z:<\/p>\n<p>-G\u00dcMR\u00dcKL\u00dc TA\u015eIMA<\/p>\n<p>-G\u00dcMR\u00dcKS\u00dcZ TA\u015eIMA<\/p>\n<p>-KAMYONET TA\u015eIMACILI\u011eI<\/p>\n<p>-KAMYON TA\u015eIMACILI\u011eI<\/p>\n<p>-TIR TA\u015eIMACILI\u011eI<\/p>\n<p>-\u0130\u00c7 VE DI\u015e T\u0130CARET<\/p>\n<div class=\"site-branding\">\n<p class=\"site-title\">NAKL\u0130YE TEKL\u0130F\u0130 ALMAK \u0130\u00c7\u0130N ARAYINIZ 0530 612 6991<\/p>\n<p class=\"site-description\">HIZ B\u0130ZDEN SORULUR<\/p>\n<\/div>\n<div id=\"site-header-menu\" class=\"site-header-menu\"><\/div>\n","protected":false},"excerpt":{"rendered":"<p>2000 YILINDAN BER\u0130 FAAL\u0130YETTE BULUNAN F\u0130RMAMIZ C\u0130DD\u0130, PRENS\u0130PLER\u0130NE BA\u011eLI D\u00dcR\u00dcSTL\u00dcK,G\u00dcVEN\u0130L\u0130RL\u0130K VE HIZLILIK&#8217;TAN \u00d6D\u00dcN VERMEDEN FAAL\u0130YET HAYATINA G\u00dcN\u00dcM\u00dcZE KADAR DEVAM EDEREK GELM\u0130\u015eT\u0130R. HER T\u00dcRL\u00dc NAKL\u0130YE \u0130\u015eLER\u0130N\u0130Z ZAMANINDA VE SA\u011eLAM TESL\u0130M GARANT\u0130S\u0130YLE YAPILMAKTADIR. H\u0130ZMETLER\u0130M\u0130Z: -G\u00dcMR\u00dcKL\u00dc TA\u015eIMA -G\u00dcMR\u00dcKS\u00dcZ TA\u015eIMA -KAMYONET TA\u015eIMACILI\u011eI -KAMYON TA\u015eIMACILI\u011eI -TIR TA\u015eIMACILI\u011eI -\u0130\u00c7 VE DI\u015e T\u0130CARET NAKL\u0130YE TEKL\u0130F\u0130 ALMAK \u0130\u00c7\u0130N ARAYINIZ 0530 612 6991 HIZ &hellip; <a href=\"https:\/\/bahanakliye.com\/?page_id=94\" class=\"more-link\">Okumaya devam et<span class=\"screen-reader-text\"> &#8220;HAKKIMIZDA&#8221;<\/span><\/a><\/p>\n","protected":false},"author":1,"featured_media":0,"parent":0,"menu_order":0,"comment_status":"closed","ping_status":"closed","template":"","meta":[],"_links":{"self":[{"href":"https:\/\/bahanakliye.com\/index.php?rest_route=\/wp\/v2\/pages\/94"}],"collection":[{"href":"https:\/\/bahanakliye.com\/index.php?rest_route=\/wp\/v2\/pages"}],"about":[{"href":"https:\/\/bahanakliye.com\/index.php?rest_route=\/wp\/v2\/types\/page"}],"author":[{"embeddable":true,"href":"https:\/\/bahanakliye.com\/index.php?rest_route=\/wp\/v2\/users\/1"}],"replies":[{"embeddable":true,"href":"https:\/\/bahanakliye.com\/index.php?rest_route=%2Fwp%2Fv2%2Fcomments&post=94"}],"version-history":[{"count":4,"href":"https:\/\/bahanakliye.com\/index.php?rest_route=\/wp\/v2\/pages\/94\/revisions"}],"predecessor-version":[{"id":168,"href":"https:\/\/bahanakliye.com\/index.php?rest_route=\/wp\/v2\/pages\/94\/revisions\/168"}],"wp:attachment":[{"href":"https:\/\/bahanakliye.com\/index.php?rest_route=%2Fwp%2Fv2%2Fmedia&parent=94"}],"curies":[{"name":"wp","href":"https:\/\/api.w.org\/{rel}","templated":true}]}}